composite number?
False
Let p(r) = 85*r + 18. Let y = -39 + 56. Let x = 24 - y. Is p(x) a prime number?
True
Suppose -3506 = -2*q - 4*b, 18*q - 8795 = 13*q - 4*b. Is q a composite number?
True
Let q be (3/(-2))/((-6)/(-2224)). Let f = -293 - q. Suppose f = c - 0*c. Is c a composite number?
False
Is (5 - (4 + (1 - -1)))*-8489 a prime number?
False
Let b = 107 + -102. Suppose -b*i = 1656 - 4361. Is i a composite number?
False
Let p(a) = -2*a + 155. Suppose 5*v = 2*o - 0*o + 10, 0 = 4*v + 3*o + 15. Is p(v) prime?
False
Is 3/(-18) - 1*(-35438)/12 composite?
False
Suppose 322 = 2*x + 4*n, 8*x - n = 10*x - 322. Let t(v) = -v**2 - 7*v - 3. Let b be t(-6). Suppose -b*g + x + 52 = 0. Is g prime?
True
Let d(l) = 18*l**3 + 12*l**2 - 24*l + 17. Is d(6) prime?
False
Suppose 0*c + 12*c - 18242 = -2*t, 4*c = -4*t + 36464. Is t a prime number?
False
Suppose 4*o = -o + 4*c + 16140, -3*o = -4*c - 9684. Suppose -4*d + 0*d + o = 0. Is d a composite number?
True
Let d(y) = -91*y - 3. Let l(f) = 2*f + 17. Let n be l(-7). Suppose 14 - 1 = k + 5*b, 0 = n*k - 3*b + 15. Is d(k) prime?
True
Let k = -365 - -979. Suppose -2*z = 329 + 229. Let b = k + z. Is b a composite number?
True
Suppose -22181 - 14668 = -3*d. Is d prime?
False
Let z = -6456 + 12037. Is z a prime number?
True
Let m(a) be the third derivative of a**6/120 - 11*a**5/60 + 5*a**4/8 - 5*a**3/2 - 39*a**2. Suppose k = -z + 9, -5*k + 4*z + 21 = -33. Is m(k) a prime number?
False
Let k(d) = -d**3 + d**2 - 6*d - 1. Let w = 17 - 22. Is k(w) a prime number?
True
Let h be 11666/6 + (-8)/6. Suppose -196 = 3*z + h. Let n = -184 - z. Is n a composite number?
True
Suppose 7*s - 11*s = -8, 4475 = q - 3*s. Is q a composite number?
False
Is -5 + 7613 + (3 - -2) a composite number?
True
Suppose a - 5*z - 167 = 123, -3*a = z - 886. Suppose 3*i + a = g, 3*g = 5*i + 262 + 639. Is g a composite number?
False
Let r = -140 - -144. Let m(q) = -q**3 + 11*q**2 + q + 8. Let d be m(6). Suppose -d = -r*p + 66. Is p composite?
True
Suppose -2*s = -3*q + 9, -q + 2*s = -s - 10. Is 83/((3 - q)/6) a prime number?
False
Let f(c) = 369*c**2 + 3*c - 22. Is f(9) a composite number?
True
Suppose -10*q = -1263 - 2467. Is q composite?
False
Let u be (-618)/(-42) + 2/7 + -2. Suppose -8*p = -u*p + 8845. Is p a composite number?
True
Suppose -117*f + 542175 = -92*f. Is f composite?
True
Let c be 255 - (-1)/(2/8). Let t = c + -120. Is t composite?
False
Suppose -4*f = -702 - 134. Is 1*(3 + f) - -3 prime?
False
Let k(w) = w**2 + 5*w. Let r be k(-5). Suppose -m + 2*m = r. Suppose 5*z - 1569 - 316 = m. Is z a prime number?
False
Suppose 0 = 3*s + 4*w - 3053 - 3581, 2*w + 11100 = 5*s. Suppose 4*n - s = 3*v, 3*n - 2*v - 1655 = -4*v. Is n a composite number?
True
Suppose -17*p + 10933 = -4*p. Suppose j + 2*v = p, j + j - 1674 = 4*v. Is j a prime number?
True
Suppose q = -3*q + 48. Let v be ((-32)/q + 2)*-15. Let m(o) = -o**3 + 12*o**2 - o - 5. Is m(v) a composite number?
True
Suppose -6434 = -2*c + 4*s - 0*s, c - 5*s = 3208. Is c a composite number?
True
Let f(h) = h**3 + 13*h**2 - 7*h - 12. Suppose 4*q = -5*y - 72, q + 6*y = 2*y - 29. Is f(q) composite?
False
Suppose -4*a + 758 + 62 = 2*w, 0 = -3*w + 6. Let l = 235 + a. Is l a composite number?
False
Let z(n) = 117*n**2 - n + 3. Let o be z(5). Let w = o - 1968. Let g = w + -620. Is g a prime number?
False
Let u(m) = 2*m**2 - 6*m - 15. Let g = 7 - -2. Let o be u(g). Let r = o + -58. Is r a composite number?
True
Suppose j + 2*u - 3 - 13 = 0, -2*j = -u - 7. Is (26/j)/(1/3) composite?
False
Let c be (-5 + 11*16)*3. Suppose -2*d + 0*b = -4*b - 274, -4*d + b + c = 0. Is d composite?
False
Let j(g) = 600*g**2 + 59*g + 17. Is j(6) a composite number?
True
Let v(i) be the second derivative of -3*i**5/20 - i**4/3 - 5*i**3/6 - 3*i**2 - 14*i. Is v(-7) a composite number?
True
Suppose n + 20 = -2*a + 5*n, -n + 8 = -2*a. Let k be 2 + a + (-2)/2. Is (-2 + 3)*-129*k a composite number?
True
Suppose -32240 - 117450 = -10*u. Is u prime?
True
Suppose -4*x - 5 = -3*r, x = -2*r + 5*r - 8. Is 788 - 3 - -3 - x a composite number?
False
Suppose -61*d + 55*d = -168114. Is d prime?
True
Let j(l) = -l**2 - 13*l - 4. Let v(c) = 6*c + 26. Let k be v(-6). Is j(k) composite?
True
Let y(g) = g**2 + 2*g - 1. Let s be y(1). Suppose -4*p + 4215 = -s*d + d, 0 = -2*p - d + 2103. Let q = p - 662. Is q prime?
False
Let r be 2/14 - 65/(-35). Suppose r*k - 11 + 3 = 0. Suppose -4*a + 1480 = 4*u, -745 = -2*u + a - k*a. Is u a composite number?
True
Let i = 43195 - -2176. Is i composite?
True
Let p = -6 - -18. Let j = 154 + p. Suppose -5*b = -579 - j. Is b prime?
True
Let d(j) = 4*j**2 + 2*j - 21 - j - 3*j**2. Is d(-10) prime?
False
Let n = 240 + 15. Let d be -5 + n - (-6)/2. Let q = 371 - d. Is q prime?
False
Let a = -444 + 855. Is a prime?
False
Let g(w) be the second derivative of 3*w - 3/2*w**3 + 3/2*w**2 + 5/6*w**4 + 0 + 1/20*w**5. Is g(-8) a composite number?
True
Let p = 1585 - -306. Is p prime?
False
Suppose 348264 = 4*f + 4*w, 3*f = f - 3*w + 174127. Is f a prime number?
True
Suppose -2*p + 271 = -157. Let n = 735 - p. Is n prime?
True
Is (7 + -9)*(-25634)/4 prime?
False
Let i be 217/77 + 2/11. Is -3 - (4 - 349) - i a prime number?
False
Suppose 3*x - 5*v = 34217, 0 = 4*x - 0*v + 4*v - 45580. Is x a prime number?
True
Let v be (-3)/12 + 23871/12. Suppose v = -5*a - 2251. Is 1/5 + a/(-10) prime?
False
Suppose 0 + 3 = -3*k. Let j be 3/(-12) + k/(-4). Suppose -3*m + 207 + 42 = j. Is m composite?
False
Is 6 + 3/6 + (-89931)/(-6) a prime number?
False
Suppose -802 = 3*r - 46. Is 3 + 2 - r/1 a composite number?
False
Let w = -12 + 15. Is ((-852)/15)/(6/(-45)*w) a prime number?
False
Let r(f) = 2*f + 3. Let j(t) = -23*t + 18. Let l(s) = -j(s) + 4*r(s). Let v = 21 - 14. Is l(v) a composite number?
False
Suppose 4*g - 15 = g. Suppose 12 = 5*y + o - 16, -3*o = -g*y + 16. Suppose -y*a = -4*u + 332, 0 = 5*u + 5*a - a - 415. Is u a composite number?
False
Let v(i) = -35*i**3 + 6*i**2 + 7*i. Let u be v(-3). Let k = u - 532. Is k composite?
True
Suppose 4*q + 14*g = 9*g + 4221, q - g - 1044 = 0. Is q prime?
True
Suppose -25 = -2*d + 4*x + x, -4*x = d + 7. Suppose j - d*j + 3812 = 0. Is j composite?
False
Is (30908/(-6))/(-3 - (-56)/24) a composite number?
False
Let u(x) = -x**2 + x + 2. Let v be u(0). Suppose -5*m - h + 26362 = -2*h, -v*m + 5*h + 10531 = 0. Suppose 5*k - m = -708. Is k prime?
False
Let j = 12798 + 2743. Is j a composite number?
False
Is (535 + 38)/(((-18)/(-58))/3) prime?
False
Let t(m) = 57*m + 2. Let n be t(-5). Let h = n + 66. Let u = -128 - h. Is u a prime number?
True
Is (60586/16)/((-49)/(-392)) a composite number?
False
Suppose 0 = -5*a + 25, -4*o + 4*a = -6*o + 30. Suppose 2*v - 1251 = -o*m, -4*v - m + 1151 = -1342. Is v prime?
False
Let u = 1992 + -1387. Let s be 16/(5 - 1) + -4. Suppose 5*x + s*x - u = 2*g, -605 = -5*x - 4*g. Is x a composite number?
True
Let x(c) = 22*c**2 - 4. Let i be x(4). Suppose g - 3*o = -3, 2*g - 20 + 4 = -5*o. Suppose g*l - v = 150 + i, -4*v - 332 = -2*l. Is l a prime number?
False
Is (-64 - 5603)/(3*(-3)/39) prime?
False
Let q = -12480 - -19157. Is q prime?
False
Suppose -4*z = -12149 - 287. Is z a prime number?
True
Let c = -9560 + 16299. Is c a prime number?
False
Suppose -2961 - 3857 = -14*u. Is u composite?
False
Suppose 2*w + 15 - 2 = 5*o, 5*w = -o + 8. Let r(m) = 1368*m**3 + 2*m**2 + m - 2. Is r(w) prime?
False
Suppose w + 7*t - 2*t = 2749, 3*w - 2*t - 8196 = 0. Is w composite?
True
Suppose 0 = 3*b - 2*j - 7387, 2*j - 9851 = -4*b + 3*j. Is b prime?
False
Suppose 5*g + 677 = 6*c - 2*c, c - g = 168. Is c a composite number?
False
Suppose 7*a + 4*u = 2*a + 3, -9 = 2*a + 5*u. Suppose 4*w - 463 = 5*h, -a*h - 229 = -2*w - 0*h. Suppose p - w = 77. Is p prime?
True
Suppose 20*p - 342295 - 145765 = 0. Is p prime?
False
Suppose -7*a + 3*a - 4 = 0, 3*b + 3*a - 375 = 0. Let s = 91 + b. Is s prime?
False
Let s(y) = -534*y**3 + 2*y**2 - 3*y - 3. Is s(-2) composite?
False
Suppose -11664 + 4929 = -2*b + f, 10 = -2*f. Is b prime?
False
Let v(l) = -l**3 - 6*l**2 + 6*l. Let k be v(-7). Suppose -5*r = k - 27. Suppose -r*w + j + 1223 = 0, 519 = 2*w - 5*j - 106. Is w prime?
False
Is (-92895)/(-11) + (-6 - -4) composite?
False
Suppose 3*l + 72 = 4*t, 4*l - 8*t + 4*t = -100. Is (-7)/(l/2448) - -2 composite?
True
S